{"id":376,"date":"2022-04-05T15:55:04","date_gmt":"2022-04-05T13:55:04","guid":{"rendered":"http:\/\/bohemiagoldlove.cz\/?page_id=376"},"modified":"2024-07-07T19:21:47","modified_gmt":"2024-07-07T17:21:47","slug":"hacka-2022","status":"publish","type":"page","link":"https:\/\/bohemiagoldlove.cz\/index.php\/hacka-2022\/","title":{"rendered":"H\u00e1\u010dka 2022"},"content":{"rendered":"\n<p>2.4.2022 jsme \u00fasp\u011b\u0161n\u011b nakryli s Deadpool Amans Kynos. Mal\u00ed krte\u010dci by mohli b\u00fdt na sv\u011bt\u011b za\u010d\u00e1tkem \u010dervna.<\/p>\n","protected":false},"excerpt":{"rendered":"<p>2.4.2022 jsme \u00fasp\u011b\u0161n\u011b nakryli s Deadpool Amans Kynos. Mal\u00ed krte\u010dci by mohli b\u00fdt na sv\u011bt\u011b za\u010d\u00e1tkem \u010dervna.<\/p>\n","protected":false},"author":1,"featured_media":0,"parent":0,"menu_order":0,"comment_status":"closed","ping_status":"closed","template":"","meta":[],"_links":{"self":[{"href":"https:\/\/bohemiagoldlove.cz\/index.php\/wp-json\/wp\/v2\/pages\/376"}],"collection":[{"href":"https:\/\/bohemiagoldlove.cz\/index.php\/wp-json\/wp\/v2\/pages"}],"about":[{"href":"https:\/\/bohemiagoldlove.cz\/index.php\/wp-json\/wp\/v2\/types\/page"}],"author":[{"embeddable":true,"href":"https:\/\/bohemiagoldlove.cz\/index.php\/wp-json\/wp\/v2\/users\/1"}],"replies":[{"embeddable":true,"href":"https:\/\/bohemiagoldlove.cz\/index.php\/wp-json\/wp\/v2\/comments?post=376"}],"version-history":[{"count":1,"href":"https:\/\/bohemiagoldlove.cz\/index.php\/wp-json\/wp\/v2\/pages\/376\/revisions"}],"predecessor-version":[{"id":378,"href":"https:\/\/bohemiagoldlove.cz\/index.php\/wp-json\/wp\/v2\/pages\/376\/revisions\/378"}],"wp:attachment":[{"href":"https:\/\/bohemiagoldlove.cz\/index.php\/wp-json\/wp\/v2\/media?parent=376"}],"curies":[{"name":"wp","href":"https:\/\/api.w.org\/{rel}","templated":true}]}}